10. Suppose -y*n + 3*n - 14 = 0. List the prime factors of n.
2, 7
Let w(h) = 2*h - 2*h + 3*h + 2*h. What are the prime factors of w(1)?
5
Let t = 64 + 140. List the prime factors of t.
2, 3, 17
Let n = 108 + -32. List the prime factors of n.
2, 19
Let r = 27 + -22. Let a(i) = i - 1. Let d(c) = -3*c + 1. Let p(u) = -5*a(u) - 2*d(u). List the prime factors of p(r).
2
Let b be 6/(-4)*80/(-24). Let x = b - -5. What are the prime factors of x?
2, 5
Let t(f) be the second derivative of -f**3/6 + 8*f**2 + 3*f. List the prime factors of t(10).
2, 3
Let t(f) = -14*f + 10. What are the prime factors of t(-4)?
2, 3, 11
Let q(b) = -b**2 + 11*b + 10. List the prime factors of q(10).
2, 5
Suppose 2*d = 3*x + 52, -2*d - 19 + 99 = 4*x. What are the prime factors of d?
2
Suppose v - 39 = 4*v. Let o be (0 - 1)/((-1)/v). Let p = 21 + o. What are the prime factors of p?
2
Suppose -4*l - 2*n - 36 + 90 = 0, -4*n + 9 = -l. List the prime factors of l.
11
Suppose p - 87 = -18. What are the prime factors of p?
3, 23
Let g(b) = -2*b**2 - 11 + 4*b**2 + 6*b + 3*b - b**2. List the prime factors of g(-11).
11
Suppose 0 = -0*a - 3*a. Suppose n = -a*n + 17. List the prime factors of n.
17
Let d = 19 + -32. Let x = 18 + d. List the prime factors of x.
5
Suppose -50 = -2*o + 52. List the prime factors of o.
3, 17
Suppose 4*x = 2*h - 26, 4*h - 14 = -5*x + 64. List the prime factors of h.
17
Let t be 4/8 - (-6)/4. Let s(x) = 14 - 4 - 9*x - x**2 + t. List the prime factors of s(-10).
2
Let o(g) = -g - 2. Let f be o(-2). Suppose f = 5*v - 27 - 3. Let c = 2 + v. List the prime factors of c.
2
Let a(o) = o**3 + 6*o**2 + 4*o. Let m be a(-5). Let y = -1 + -2. Let p = m + y. List the prime factors of p.
2
Let y be (-18)/8 + (-3)/(-12). Let c = y + 3. List the prime factors of 6*(c/(-1))/(-2).
3
Let t = -69 - -128. Suppose t = 5*o - 41. Let f = -11 + o. List the prime factors of f.
3
Suppose 5*x - 89 = -3*q, -2*q + 2*x + 61 = q. Let r(j) = -j - 3. Let i be r(-3). Suppose 2*l + f = q, -3*l + i*f - f = -33. What are the prime factors of l?
2, 5
What are the prime factors of 172/((-4)/8 + 1)?
2, 43
Let n(h) = 22*h - 5. List the prime factors of n(2).
3, 13
Suppose 2 + 13 = 3*o. Suppose o*g = 7 + 8. List the prime factors of 7 - (-2 + g + 1).
5
Let a = 8 + -5. List the prime factors of (1*a)/((-6)/(-30)).
3, 5
Let o be ((-5)/3)/((-3)/9). Suppose -p = -o*p + 12. Let b = p - -1. List the prime factors of b.
2
What are the prime factors of (96/(-54) - -2) + 1292/18?
2, 3
List the prime factors of (0 + 238)*1/2.
7, 17
Let m(u) = u**2 - u + 2. List the prime factors of m(2).
2
Suppose 3*o - 2*g - 20 = 0, -2*g + 1 = -2*o + 15. Let s = o - 4. What are the prime factors of s?
2
Let h be 5 + (2 + -1)*-3. Suppose h*g + d - 4 = -1, 0 = -g - 5*d - 3. What are the prime factors of g?
2
Suppose -4*g = -i + 14, -5*i = -3*g - 8*i - 18. Let f be 52/6 + g/6. List the prime factors of 9/(-2)*f/(-6).
2, 3
Suppose i + 9 = 2*q, 5*i = -0*q + 2*q + 11. List the prime factors of q.
7
What are the prime factors of -5 + 3 + 124 + -1?
11
Let d be (-332)/(-3) + 5/15. Suppose 23 = -4*h - u + d, 3*h = 3*u + 81. What are the prime factors of h?
23
Suppose u - 1 = 2*u. List the prime factors of (u + 2)*38/2.
19
Suppose 4*o + 16 = 0, 0*w + 5*w - 130 = -5*o. List the prime factors of w.
2, 3, 5
Suppose 12 = 22*u - 19*u. Suppose 40 = u*q + 12. List the prime factors of q.
7
Let l(g) = 6*g - 3. Let x(h) = 3*h - 2. Let r(c) = -6*l(c) + 11*x(c). List the prime factors of r(-4).
2
Let o(j) = 1 + 0*j + 4*j - 3*j - 2*j**2. Let q be o(-1). What are the prime factors of (2 + q)/(-1) + 11?
11
Suppose -10 = -2*w - 2. Suppose 0 = -2*u + w*u - 22. Suppose u = -f + 33. List the prime factors of f.
2, 11
Let n be (-2 - 6)/(4/(-2)). Suppose 0*l - 4*l + 8 = n*y, 0 = l + 5*y - 2. Suppose l*a + 2*a = 24. What are the prime factors of a?
2, 3
What are the prime factors of 67/1 + 3 + -6?
2
Let o(l) = 5*l**2 + l - 1. What are the prime factors of o(-5)?
7, 17
Suppose 0 = 2*t - 0 - 2. Let j be (-2*t)/(10/15). List the prime factors of (-35)/j - 2/(-6).
2, 3
What are the prime factors of 2019/9 + (-12)/(-18)?
3, 5
Let r = 1 + 1. Suppose o = -r*c + 20, -30 = -3*c - 2*o + 6*o. What are the prime factors of c?
2, 5
Suppose -4*p + 2*p + 3*a + 28 = 0, 4*p + 2*a = 56. Suppose 3*w - 16 = p. List the prime factors of w.
2, 5
Let k(j) = -j**2 + 7*j - 9. Let t be k(6). What are the prime factors of (-2 - t) + 0 - -4?
5
Suppose -c - c = 0. Suppose c = s - 3 - 8. What are the prime factors of s?
11
Let q(y) = -y**3 + 5*y**2 - 3*y - 1. Let u be q(3). List the prime factors of 231/28 + (-2)/u.
2
Suppose 2*r + 3 = 7. Suppose 0 = -n + 4*v - 15, -r*v = -3*n + v. What are the prime factors of n?
5
Let f be 40/22 - 8/(-44). Suppose f*s + 12 + 48 = 0. List the prime factors of -5*-3*(-4)/s.
2
Suppose 83 = 5*f + 2*r + 25, -19 = -2*f - 5*r. Let p = 0 + f. List the prime factors of p.
2, 3
Let x(a) = a**2 + 11*a + 6. What are the prime factors of x(-11)?
2, 3
Let k = -5 - -8. Suppose -6*s = -k*s. Suppose 3*r - 5 - 10 = s. List the prime factors of r.
5
Let b = 10 + -5. Suppose 3*r + 3*h - 86 = -r, b*h + 125 = 5*r. What are the prime factors of r?
23
Let c(g) = 16*g - 9. List the prime factors of c(8).
7, 17
Suppose -98 - 42 = -7*z. What are the prime factors of z?
2, 5
Let s(y) = y**2 + 15*y + 13. What are the prime factors of s(-16)?
29
Suppose 0*b - 3*b - 108 = 0. Let j = -24 - b. List the prime factors of j.
2, 3
List the prime factors of 1*(0 + 3)*1.
3
List the prime factors of (-760)/(-6) + (3 - (-8)/(-3)).
127
Let g(t) = t**2 + 8*t - 11. Let f be g(-8). Let m = 4 + f. Let k(r) = -r**3 - 8*r**2 - 9*r - 7. What are the prime factors of k(m)?
7
Let j(n) = -n**2 - 6*n + 2. Let x be j(-6). Suppose x*f - 22 = 24. What are the prime factors of -2 - (1 + 2 - f)?
2, 3
Let k(u) = -3*u + 4*u - 2*u + 8 + 2. Let p be k(9). Let c = 4 - p. What are the prime factors of c?
3
Let m be 45/(-2) - 1/2. Let t = m - -39. What are the prime factors of t?
2
Suppose -3*r - 3*v + 303 = 0, 5*v + 306 + 5 = 3*r. Suppose -y = -5, 4*y = -4*n + 2*y + r. What are the prime factors of n?
23
Let i = -8 + 3. List the prime factors of 15/(-2 + (-2 - i)).
3, 5
Let s(n) be the third derivative of n**5/60 - n**4/6 + n**3/3 + 3*n**2. List the prime factors of s(6).
2, 7
Let r(p) = -p**3 + 6*p**2 - p - 2. Let d be r(4). Suppose 7*n - 5*n - d = 0. What are the prime factors of n?
13
Let f = 384 - 272. What are the prime factors of f?
2, 7
Let j be ((-8)/(-10))/((-4)/(-50)). Let h(g) = -2 + 0*g**2 - 18*g - g**2 + j*g. What are the prime factors of h(-5)?
13
Suppose 5*q + 5*f = 70, -2*q - 3*f + 16 = -8. Suppose -o = o - q. Let t(z) = z - 5. What are the prime factors of t(o)?
2
What are the prime factors of 525/(-28)*(-1 - -1 - 4)?
3, 5
Let v be ((-54)/3 + 3)/(-1). Let c = v - 0. List the prime factors of c.
3, 5
Let z(r) = 5*r**2 + 2*r - 2. Let l be z(-3). Suppose l = -4*n + 13. Let g(y) = -y**2 - 7*y - 3. List the prime factors of g(n).
3
Suppose 170 = 4*v - 2*d - 14, 0 = -2*v - 3*d + 84. What are the prime factors of v?
3, 5
Suppose 2*i - 66 - 6 = 0. Suppose i + 18 = -2*q. Let v = -16 - q. List the prime factors of v.
11
Let y be (9/(-6))/(6/32). Let n = -12 - y. Let k = n - -6. What are the prime factors of k?
2
Let y be (6/1)/(21/70). What are the prime factors of ((-16)/y)/(2/(-45))?
2, 3
Let c(l) = -l + 6. Let a be c(4). Suppose 0 = -s - 6 + 20. List the prime factors of 60/s + a/(-7).
2
Let j be -5 + 2 + (7 - 1). Let k be 2 + 7 + -2 + -2. Suppose k = -j*y + 74. List the prime factors of y.
23
Let d = -5 + 5. Suppose b - 2*l = 10, -3*b + 18 = -d*l - 3*l. Suppose 4*i = 5*a - 41 - 4, b*i - 18 = -2*a. What are the prime factors of a?
3
Let z(j) = -2*j + 4. Let r be z(4). Let v(n) = 7 - n - 7. List the prime factors of v(r).
2
Let v(y) = 2*y**2 + 10*y + 15. What are the prime factors of v(-6)?
3
Let m = 181 + -42. List the prime factors of m.
139
List the prime factors of -6*1/2 + (47 - -2).
2, 23
Suppose 3*u - 2*y - 20 = -3*y, 0 = 4*u + 4*y - 24. Suppose -2*m - m - 3*z = -3, -5*m + z = 7. Let q = u + m. List the prime factors of q.
2, 3
Let u be 4/(-6) + (-99)/(-27). Suppose -u = j - 2*j. What are the prime factors of j?
3
Let v(a) = 2*a**3 - 9*a**2 + 5*a - 8. List the prime factors of v(6).
2, 5, 1